ue
Is 217091 a prime number?
False
Is 4783 a prime number?
True
Is 5723 prime?
False
Is 37043 composite?
True
Is 2582 a composite number?
True
Is 4259 composite?
False
Is 4874 a prime number?
False
Is 179983 a prime number?
False
Is 682277 prime?
True
Is 338119 composite?
False
Is 29941 a prime number?
False
Is 29765 a prime number?
False
Is 139631 prime?
False
Is 66251 a composite number?
True
Is 15682 composite?
True
Is 226561 a composite number?
True
Is 39085 a prime number?
False
Is 11153 a prime number?
False
Is 1905433 a composite number?
False
Is 348679 prime?
False
Is 379 a composite number?
False
Is 2008493 a composite number?
False
Is 1039169 a composite number?
False
Is 119267 a prime number?
True
Is 26551 prime?
False
Is 349553 a prime number?
True
Is 443093 composite?
True
Is 31601 prime?
True
Is 216083 a prime number?
False
Is 30883 a composite number?
True
Is 43009 a composite number?
True
Is 467 a composite number?
False
Is 72493 prime?
True
Is 13427 composite?
True
Is 377287 composite?
False
Is 76469 composite?
True
Is 264167 a composite number?
False
Is 242393 a composite number?
False
Is 9959 a composite number?
True
Is 15119 composite?
True
Is 203 a composite number?
True
Is 6109 a prime number?
False
Is 586977 a prime number?
False
Is 21701 a composite number?
False
Is 14719 composite?
True
Is 5761 a prime number?
False
Is 2153 prime?
True
Is 14263 a prime number?
False
Is 7717 a composite number?
False
Is 53 prime?
True
Is 89431 a composite number?
False
Is 121969 composite?
True
Is 3371339 composite?
False
Is 4703 prime?
True
Is 75233 a prime number?
False
Is 760453 prime?
True
Is 37487 a composite number?
True
Is 2229 a composite number?
True
Is 10727 a composite number?
True
Is 93037 composite?
True
Is 70841 a prime number?
True
Is 467599 prime?
False
Is 6779 a composite number?
False
Is 27899 prime?
False
Is 313031 composite?
False
Is 764279 composite?
True
Is 121229 composite?
False
Is 458719 prime?
True
Is 67085 prime?
False
Is 3413 a composite number?
False
Is 2206 prime?
False
Is 452671 a composite number?
False
Is 73985 prime?
False
Is 29257 a composite number?
True
Is 2579 prime?
True
Is 4162 prime?
False
Is 2481 a prime number?
False
Is 319883 prime?
True
Is 5079 a prime number?
False
Is 53986 composite?
True
Is 7187 a prime number?
True
Is 9677 composite?
False
Is 23809 a prime number?
False
Is 6443 composite?
True
Is 951 a prime number?
False
Is 1036835 a prime number?
False
Is 146397 a prime number?
False
Is 65579 a prime number?
True
Is 360163 prime?
True
Is 334007 prime?
False
Is 1848827 a composite number?
False
Is 1099874 prime?
False
Is 18479 composite?
True
Is 4237 composite?
True
Is 159481 prime?
False
Is 694951 composite?
False
Is 5591 composite?
False
Is 80141 a prime number?
True
Is 168694 a prime number?
False
Is 19913 a composite number?
False
Is 452953 prime?
True
Is 12197 prime?
True
Is 495422 a prime number?
False
Is 65599 prime?
True
Is 1973 composite?
False
Is 15829 prime?
False
Is 4685 prime?
False
Is 9083 a composite number?
True
Is 1003 a composite number?
True
Is 29899 composite?
True
Is 73121 a prime number?
True
Is 759349 a prime number?
False
Is 29119 a composite number?
True
Is 8882 composite?
True
Is 68729 composite?
False
Is 4927 prime?
False
Is 180463 prime?
True
Is 114913 a composite number?
False
Is 6331 prime?
False
Is 75377 a prime number?
True
Is 44845 composite?
True
Is 19661 a composite number?
False
Is 29255 a composite number?
True
Is 2497 composite?
True
Is 4609 prime?
False
Is 4353653 prime?
True
Is 36347 a prime number?
False
Is 49663 prime?
True
Is 1073803 a composite number?
False
Is 15443 a composite number?
False
Is 48119 a prime number?
True
Is 200771 composite?
False
Is 265957 a composite number?
False
Is 91313 composite?
True
Is 5519 prime?
True
Is 124897 composite?
False
Is 1815163 a composite number?
True
Is 14431 a prime number?
True
Is 51269 a composite number?
True
Is 279607 a prime number?
True
Is 151091 composite?
False
Is 56939 a prime number?
False
Is 136082 a prime number?
False
Is 10973 prime?
True
Is 3007 composite?
True
Is 647 a composite number?
False
Is 2991 prime?
False
Is 9995 a prime number?
False
Is 683 a prime number?
True
Is 35059 a composite number?
False
Is 5639 a prime number?
True
Is 14507 a prime number?
False
Is 301349 composite?
False
Is 2813165 a composite number?
True
Is 706787 composite?
False
Is 1181431 a composite number?
True
Is 15299 a composite number?
False
Is 147083 a prime number?
True
Is 60737 prime?
True
Is 493547 a composite number?
True
Is 823411 composite?
True
Is 85147 a prime number?
True
Is 769 composite?
False
Is 8665 a composite number?
True
Is 490961 composite?
True
Is 392543 composite?
False
Is 141935 a prime number?
False
Is 72791 composite?
True
Is 134817 prime?
False
Is 8702897 composite?
True
Is 921 a prime number?
False
Is 26913 a composite number?
True
Is 797729 a composite number?
False
Is 4271 a prime number?
True
Is 4837 a composite number?
True
Is 68371 composite?
False
Is 18191 prime?
True
Is 13378 a prime number?
False
Is 17747 prime?
True
Is 485453 a composite number?
True
Is 53503 prime?
True
Is 1282337 a composite number?
True
Is 12289 a composite number?
False
Is 5791 prime?
True
Is 247087 a composite number?
False
Is 7087 a prime number?
False
Is 21419 prime?
True
Is 40577 prime?
True
Is 148822 composite?
True
Is 283655 prime?
False
Is 72739 prime?
True
Is 1555607 a composite number?
False
Is 64301 a composite number?
False
Is 118529 a prime number?
True
Is 4441 a prime number?
True
Is 31643 a prime number?
True
Is 24253 composite?
True
Is 9487 prime?
False
Is 101671 composite?
True
Is 16411 prime?
True
Is 26489 prime?
True
Is 119693 a prime number?
False
Is 8189 a prime number?
False
Is 131837 a prime number?
True
Is 65 a prime number?
False
Is 10307 prime?
False
Is 30631 a composite number?
False
Is 13309 a composite number?
False
Is 68863 composite?
False
Is 1087 a composite number?
False
Is 557407 a prime number?
False
Is 147845 composite?
True
Is 237773 composite?
True
Is 613 prime?
True
Is 634061 prime?
True
Is 3739 a prime number?
True
Is 323913 a prime number?
False
Is 9481 a composite number?
True
Is 256699 a composite number?
False
Is 24027 a composite number?
True
Is 29119 prime?
False
Is 99971 prime?
True
Is 27589 composite?
True
Is 36181 a composite number?
True
Is 1987 a composite number?
False
Is 119059 a prime number?
False
Is 7909 a composite number?
True
Is 1229 a composite number?
False
Is 62641 a prime number?
False
Is 2039 prime?
True
Is 783641 a prime number?
True
Is 203207 prime?
True
Is 519383 prime?
True
Is 3144419 composite?
False
Is 1549007 a composite number?
True
Is 31814 composite?
True
Is 8947 prime?
False
Is 817681 a composite number?
True
Is 35071 a composite number?
True
Is 82129 prime?
True
Is 11273 a composite number?
False
Is 346111 prime?
True
Is 8621 a composite number?
True
Is 60757 prime?
True
Is 15541 a composite number?
False
Is 777797 composite?
True
Is 34231 composite?
False
Is 61093 a prime number?
False
Is 36433 a prime number?
True
Is 35983 a prime number?
True
Is 458443 a composite number?
True
Is 15397 composite?
True
Is 79379 composite?
False
Is 28115 composite?
True
Is 392669 a composite number?
False
Is 70099 prime?
True
Is 282803 composite?
True
Is 2819 a composite number?
False
Is 1079579 a prime number?
False
Is 18058 a prime number?
False
Is 114157 a composite number?
False
Is 15233 a composite number?
False
Is 60422 prime?
False
Is 73317 composite?
True
Is 15403 a composite number?
True
Is 15727 a prime number?
True
Is 10895 prime?
False
Is 356635 a prime number?
False
Is 354971 prime?
True
Is 800671 a prime number?
False
Is 37705 a prime number?
False
Is 328501 prime?
False
Is 117239 prime?
True
Is 65301 composite?
True
Is 3602 a composite number?
True
Is 69943 composite?
True
Is 28169 composite?
True
Is 411821 prime?
True
Is 1669 a prime number?
True
Is 1070287 a composite number?
False
Is 225523 composite?
False
Is 54039 a composite number?
True
Is 98153 prime?
False
Is 675861 a prime number?
False
Is 750241 a composite number?
True
Is 10193 a prime number?
True
Is 25867 prime?
True
Is 14591 a prime number?
True
Is 42429 a composi